ulate the greatest common factor of 26927244 and 36.
36
Calculate the highest common divisor of 141957015 and 2020.
505
What is the greatest common divisor of 16 and 17904464?
16
What is the greatest common factor of 10553405 and 1618?
809
What is the greatest common divisor of 2632 and 334544?
56
What is the highest common divisor of 1476 and 93863268?
1476
What is the highest common divisor of 64555320 and 30?
30
Calculate the highest common factor of 32179840 and 16.
16
Calculate the highest common divisor of 405 and 425893869.
81
What is the highest common factor of 131161257 and 42876?
3573
Calculate the greatest common factor of 16520046 and 876.
438
What is the highest common divisor of 665966723 and 71?
71
What is the highest common divisor of 335455362 and 18030?
3606
What is the greatest common divisor of 859807399 and 4826?
2413
What is the highest common divisor of 60 and 66310032?
12
What is the greatest common divisor of 156 and 3154236?
12
What is the highest common factor of 32991191 and 387?
43
What is the highest common divisor of 2948270642 and 499?
499
Calculate the greatest common divisor of 371076 and 4173.
321
Calculate the highest common divisor of 3286 and 335702.
106
What is the highest common divisor of 94828 and 37146?
302
Calculate the greatest common factor of 4015488 and 768.
384
What is the highest common factor of 149310 and 55471430?
5530
What is the highest common divisor of 416 and 100785984?
416
Calculate the greatest common factor of 259 and 689465511.
259
What is the greatest common divisor of 1678782846 and 6?
6
Calculate the highest common factor of 279079187 and 335.
67
What is the greatest common divisor of 4182 and 15497098?
1394
What is the highest common divisor of 906 and 12257123?
151
What is the highest common factor of 2179489 and 52?
13
Calculate the highest common factor of 251343 and 36540.
261
What is the greatest common factor of 50409 and 10612028?
1867
What is the highest common factor of 3872 and 661628?
484
Calculate the highest common factor of 120922 and 52942.
206
Calculate the highest common factor of 298870628 and 682.
62
Calculate the greatest common factor of 2547 and 311004.
9
Calculate the highest common factor of 27539759 and 1976.
247
Calculate the highest common divisor of 2232 and 982735092.
1116
Calculate the highest common divisor of 364249992 and 28578.
2598
What is the highest common divisor of 5280 and 142380?
60
Calculate the greatest common divisor of 9564 and 49037019.
2391
What is the highest common divisor of 510726153 and 1461?
1461
What is the greatest common divisor of 1983328 and 4304?
16
Calculate the highest common divisor of 189924 and 274398.
114
Calculate the highest common factor of 1647666 and 860400.
4302
Calculate the greatest common divisor of 44790364 and 5844.
1948
What is the greatest common divisor of 531030264 and 72?
24
What is the highest common divisor of 20595 and 164055?
15
What is the highest common factor of 45 and 8362105?
5
Calculate the highest common divisor of 4752 and 188290872.
2376
What is the greatest common factor of 216064 and 28672?
1024
What is the greatest common factor of 67943302 and 498?
166
Calculate the greatest common factor of 582003 and 99.
9
What is the greatest common divisor of 1997182 and 41998?
506
What is the greatest common divisor of 1318975 and 525?
175
What is the highest common factor of 83119680 and 17556?
1596
Calculate the greatest common divisor of 930 and 279155.
155
What is the highest common divisor of 67732 and 1637663?
2419
Calculate the greatest common factor of 972471256 and 8.
8
What is the greatest common divisor of 18234302 and 238?
34
Calculate the highest common factor of 30772816 and 1745488.
13744
Calculate the greatest common divisor of 264117185 and 17.
17
Calculate the greatest common divisor of 1127 and 303572101.
1127
What is the highest common divisor of 189 and 40183353?
63
Calculate the highest common divisor of 1601820 and 1490.
10
Calculate the greatest common factor of 1184 and 12071546.
74
Calculate the highest common factor of 815784 and 228.
228
Calculate the highest common divisor of 161 and 240373.
161
What is the greatest common divisor of 8704 and 132224?
128
What is the greatest common factor of 117936 and 115024?
1456
Calculate the greatest common factor of 21689230 and 23.
23
What is the greatest common divisor of 2091098 and 1346?
2
What is the highest common divisor of 1240947 and 126977?
779
What is the highest common factor of 85 and 2543795?
85
Calculate the highest common factor of 2057 and 692563.
17
What is the greatest common factor of 19096 and 45686312?
1736
Calculate the highest common divisor of 32642 and 1602802.
38
What is the highest common factor of 222924825 and 16065?
2295
What is the highest common factor of 161936214 and 1542?
1542
Calculate the greatest common factor of 16511 and 2297537.
209
What is the highest common factor of 13 and 21253?
1
Calculate the greatest common divisor of 1195969 and 499501.
457
What is the highest common factor of 513554 and 242852?
1114
What is the highest common factor of 736470 and 5418?
126
Calculate the highest common divisor of 2486240 and 18950.
3790
What is the greatest common divisor of 901521 and 81?
9
What is the highest common divisor of 49448620 and 113620?
5980
What is the highest common factor of 199488 and 43080?
24
What is the greatest common factor of 7913689 and 21?
7
Calculate the greatest common factor of 67385176 and 856.
856
What is the highest common divisor of 4968215 and 45308?
241
Calculate the highest common divisor of 12192 and 21281898.
762
Calculate the greatest common factor of 65000 and 52520.
520
What is the highest common divisor of 2588490 and 19116?
54
Calculate the highest common divisor of 12196962 and 6464.
202
What is the greatest common factor of 6888496 and 1578?
526
What is the greatest common factor of 33 and 23428339?
11
Calculate the greatest common factor of 124 and 3041348.
124
Calculate the highest common factor of 112653 and 6237.
9
What is the greatest common factor of 175 and 288232035?
35
What is the highest common divisor of 834655200 and 192?
96
Calculate the highest common divisor of 390473 and 2446979.
223
What is the greatest common factor of 39431024 and 272?
272
What is the greatest common factor of 1157 and 4033159?
13
Calculate the greatest common factor of 30681795 and 15644.
3911
Calculate the highest common divisor of 7296 and 604257.
57
Calculate the greatest common divisor of 363897 and 3321.
9
What is the greatest common divisor of 168 and 11761908?
12
Calculate the greatest common divisor of 2384948 and 885106.
2846
What is the greatest common factor of 295280190 and 225?
45
Calculate the greatest common factor of 287736 and 547048.
152
Calculate the highest common divisor of 47961126 and 1236.
618
What is the greatest common factor of 18787512 and 2562?
366
What is the greatest common divisor of 5 and 26460290?
5
What is the highest common divisor of 742411 and 6403?
337
What is the highest common divisor of 16908 and 5940?
12
Calculate the highest common factor of 894615 and 13395.
285
What is the highest common factor of 1891403 and 3812488?
1649
Calculate the highest common divisor of 37978 and 850.
34
What is the greatest common divisor of 10495744 and 5376?
1792
What is the highest common divisor of 126456 and 35572456?
3832
Calculate the highest common factor of 2063794 and 589.
31
What is the highest common divisor of 564 and 18985744?
188
Calculate the highest common divisor of 3843 and 5535201.
1281
What is the highest common factor of 81645480 and 2715?
2715
Calculate the greatest common divisor of 109 and 243341.
1
What is the highest common factor of 134009555 and 51?
17
Calculate the highest common factor of 33127765 and 2230.
1115
What is the greatest common divisor of 26 and 17744480?
26
What is the greatest common factor of 233325275 and 200?
25
What is the highest common factor of 38157 and 731906?
161
What is the highest common factor of 8463 and 37847901?
273
Calculate the greatest common factor of 12300 and 180970884.
492
What is the highest common factor of 85831968 and 2052?
228
What is the greatest common divisor of 2